{"id":1694,"date":"2021-04-07T01:55:50","date_gmt":"2021-04-07T01:55:50","guid":{"rendered":"https:\/\/apusthemes.com\/wp-demo\/superio\/?page_id=1694"},"modified":"2025-03-13T11:57:32","modified_gmt":"2025-03-13T10:57:32","slug":"submit-job","status":"publish","type":"page","link":"https:\/\/sentalents.prestigeconcepts.sn\/index.php\/submit-job\/","title":{"rendered":"Poster un emplois"},"content":{"rendered":"<div class=\"box-dashboard-wrapper\">\n\t<div class=\"alert alert-warning not-allow-wrapper\">\n\t\t<p class=\"account-sign-in\">Vous devez \u00eatre connect\u00e9 pour acc\u00e9der \u00e0 cette page. <a class=\"button\" href=\"https:\/\/sentalents.prestigeconcepts.sn\/index.php\/2022\/03\/03\/browse-candidates-split-map\/\">Signe dans<\/a><\/p>\n\t<\/div><!-- \/.alert -->\n<\/div>\n","protected":false},"excerpt":{"rendered":"","protected":false},"author":1,"featured_media":0,"parent":0,"menu_order":0,"comment_status":"closed","ping_status":"closed","template":"page-dashboard.php","meta":{"_monsterinsights_skip_tracking":false,"_monsterinsights_sitenote_active":false,"_monsterinsights_sitenote_note":"","_monsterinsights_sitenote_category":0,"footnotes":""},"class_list":["post-1694","page","type-page","status-publish","hentry"],"aioseo_notices":[],"_links":{"self":[{"href":"https:\/\/sentalents.prestigeconcepts.sn\/index.php\/wp-json\/wp\/v2\/pages\/1694","targetHints":{"allow":["GET"]}}],"collection":[{"href":"https:\/\/sentalents.prestigeconcepts.sn\/index.php\/wp-json\/wp\/v2\/pages"}],"about":[{"href":"https:\/\/sentalents.prestigeconcepts.sn\/index.php\/wp-json\/wp\/v2\/types\/page"}],"author":[{"embeddable":true,"href":"https:\/\/sentalents.prestigeconcepts.sn\/index.php\/wp-json\/wp\/v2\/users\/1"}],"replies":[{"embeddable":true,"href":"https:\/\/sentalents.prestigeconcepts.sn\/index.php\/wp-json\/wp\/v2\/comments?post=1694"}],"version-history":[{"count":1,"href":"https:\/\/sentalents.prestigeconcepts.sn\/index.php\/wp-json\/wp\/v2\/pages\/1694\/revisions"}],"predecessor-version":[{"id":8602,"href":"https:\/\/sentalents.prestigeconcepts.sn\/index.php\/wp-json\/wp\/v2\/pages\/1694\/revisions\/8602"}],"wp:attachment":[{"href":"https:\/\/sentalents.prestigeconcepts.sn\/index.php\/wp-json\/wp\/v2\/media?parent=1694"}],"curies":[{"name":"wp","href":"https:\/\/api.w.org\/{rel}","templated":true}]}}